{"id":1079,"date":"2025-12-10T13:37:34","date_gmt":"2025-12-10T16:37:34","guid":{"rendered":"https:\/\/www.paao2026.com\/?post_type=coordinadores&#038;p=1079"},"modified":"2025-12-11T11:56:18","modified_gmt":"2025-12-11T14:56:18","slug":"dra-ana-vasquez","status":"publish","type":"coordinadores","link":"https:\/\/www.paao2026.com\/en\/coordinadores\/dra-ana-vasquez\/","title":{"rendered":"Dra. Ana Vasquez"},"content":{"rendered":"<ul class=\"qualifications-list\">\n<li class=\"qualification-item\"><span class=\"specialty\">Sub-especialista en Glaucoma<\/span>,<br \/>\n<span class=\"fellowship\">Fellow en Glaucoma en el Instituto de Ojos Bascom Palmer de la Universidad de Miami, USA<\/span>.<\/li>\n<li class=\"qualification-item\"><span class=\"position\">Profesora de Glaucoma<\/span> de la<br \/>\n<span class=\"institution\">Universidad Central del Ecuador<\/span>.<\/li>\n<li class=\"qualification-item\"><span class=\"position\">Directora M\u00e9dica del Instituto de Oftalmolog\u00eda y Glaucoma V\u00e1squez<\/span>,<br \/>\n<span class=\"institution\">Hospital Metropolitano, Quito-Ecuador<\/span>.<\/li>\n<li class=\"qualification-item\"><span class=\"position\">Miembro del Comit\u00e9 de Pacientes de la Asociaci\u00f3n Mundial de Glaucoma (WGA)<\/span>.<\/li>\n<li class=\"qualification-item\"><span class=\"position\">Presidenta electa de la Sociedad Latinoamericana de Glaucoma (SLAG)<\/span>.<\/li>\n<li class=\"qualification-item\"><span class=\"position\">Past-Presidenta de la Sociedad Ecuatoriana de Glaucoma<\/span>.<\/li>\n<li class=\"qualification-item\"><span class=\"position\">Past-Vicepresidenta de la Sociedad Ecuatoriana de Oftalmolog\u00eda<\/span>.<\/li>\n<li class=\"qualification-item\"><span class=\"position\">Revisora del Journal de Glaucoma de la Asociaci\u00f3n Mundial de Glaucoma<\/span>.<\/li>\n<\/ul>","protected":false},"excerpt":{"rendered":"<p>Sub-especialista en Glaucoma, Fellow en Glaucoma en el Instituto de Ojos Bascom Palmer de la Universidad de Miami, USA. Profesora de Glaucoma de la Universidad Central del Ecuador. Directora M\u00e9dica del Instituto de Oftalmolog\u00eda y Glaucoma V\u00e1squez, Hospital Metropolitano, Quito-Ecuador. Miembro del Comit\u00e9 de Pacientes de la Asociaci\u00f3n Mundial de Glaucoma (WGA). Presidenta electa de&#8230;<\/p>\n<div class=\"more-link-wrapper\"><a class=\"more-link\" href=\"https:\/\/www.paao2026.com\/en\/coordinadores\/dra-ana-vasquez\/\"><span class=\"more-text\">Continue reading<\/span><\/a><\/div>","protected":false},"featured_media":849,"template":"","meta":[],"categoria_coordinador":[23],"class_list":["post-1079","coordinadores","type-coordinadores","status-publish","has-post-thumbnail","hentry","categoria_coordinador-glaucoma","post"],"_links":{"self":[{"href":"https:\/\/www.paao2026.com\/en\/wp-json\/wp\/v2\/coordinadores\/1079","targetHints":{"allow":["GET"]}}],"collection":[{"href":"https:\/\/www.paao2026.com\/en\/wp-json\/wp\/v2\/coordinadores"}],"about":[{"href":"https:\/\/www.paao2026.com\/en\/wp-json\/wp\/v2\/types\/coordinadores"}],"wp:featuredmedia":[{"embeddable":true,"href":"https:\/\/www.paao2026.com\/en\/wp-json\/wp\/v2\/media\/849"}],"wp:attachment":[{"href":"https:\/\/www.paao2026.com\/en\/wp-json\/wp\/v2\/media?parent=1079"}],"wp:term":[{"taxonomy":"categoria_coordinador","embeddable":true,"href":"https:\/\/www.paao2026.com\/en\/wp-json\/wp\/v2\/categoria_coordinador?post=1079"}],"curies":[{"name":"wp","href":"https:\/\/api.w.org\/{rel}","templated":true}]}}

<ul class="qualifications-list">
<li class="qualification-item"><span class="specialty">Sub-especialista en Glaucoma</span>,<br />
<span class="fellowship">Fellow en Glaucoma en el Instituto de Ojos Bascom Palmer de la Universidad de Miami, USA</span>.</li>
<li class="qualification-item"><span class="position">Profesora de Glaucoma</span> de la<br />
<span class="institution">Universidad Central del Ecuador</span>.</li>
<li class="qualification-item"><span class="position">Directora Médica del Instituto de Oftalmología y Glaucoma Vásquez</span>,<br />
<span class="institution">Hospital Metropolitano, Quito-Ecuador</span>.</li>
<li class="qualification-item"><span class="position">Miembro del Comité de Pacientes de la Asociación Mundial de Glaucoma (WGA)</span>.</li>
<li class="qualification-item"><span class="position">Presidenta electa de la Sociedad Latinoamericana de Glaucoma (SLAG)</span>.</li>
<li class="qualification-item"><span class="position">Past-Presidenta de la Sociedad Ecuatoriana de Glaucoma</span>.</li>
<li class="qualification-item"><span class="position">Past-Vicepresidenta de la Sociedad Ecuatoriana de Oftalmología</span>.</li>
<li class="qualification-item"><span class="position">Revisora del Journal de Glaucoma de la Asociación Mundial de Glaucoma</span>.</li>
</ul>

<p>Sub-especialista en Glaucoma, Fellow en Glaucoma en el Instituto de Ojos Bascom Palmer de la Universidad de Miami, USA. Profesora de Glaucoma de la Universidad Central del Ecuador. Directora Médica del Instituto de Oftalmología y Glaucoma Vásquez, Hospital Metropolitano, Quito-Ecuador. Miembro del Comité de Pacientes de la Asociación Mundial de Glaucoma (WGA). Presidenta electa de&#8230;</p>
<div class="more-link-wrapper"><a class="more-link" href="https://www.paao2026.com/en/coordinadores/dra-ana-vasquez/"><span class="more-text">Continue reading</span></a></div>
