{"id":1098,"date":"2025-12-10T14:09:11","date_gmt":"2025-12-10T17:09:11","guid":{"rendered":"https:\/\/www.paao2026.com\/?post_type=coordinadores&#038;p=1098"},"modified":"2025-12-11T11:48:37","modified_gmt":"2025-12-11T14:48:37","slug":"dr-carlos-wong","status":"publish","type":"coordinadores","link":"https:\/\/www.paao2026.com\/en\/coordinadores\/dr-carlos-wong\/","title":{"rendered":"Dr. Carlos Wong"},"content":{"rendered":"<ul class=\"qualifications-list\">\n<li class=\"qualification-item\"><span class=\"specialty\">M\u00e9dico Oftalm\u00f3logo<\/span><\/li>\n<li class=\"qualification-item\"><span class=\"specialty\">Especialista en Retina, M\u00e1cula y Vitreo<\/span><\/li>\n<li class=\"qualification-item\"><span class=\"degree\">Egresado de Medicina de la Universidad Peruana Cayetano Heredia<\/span>.<\/li>\n<li class=\"qualification-item\"><span class=\"degree\">Egresado de Oftalmolog\u00eda Fundaci\u00f3n Oftalmol\u00f3gica de Santander (FOSCAL), Colombia<\/span>.<\/li>\n<li class=\"qualification-item\"><span class=\"degree\">Egresado de Retina y V\u00edtreo de la Fundaci\u00f3n Oftalmol\u00f3gica Nacional (FUNDONAL), Colombia<\/span>.<\/li>\n<li class=\"qualification-item\"><span class=\"previous-position\">Vicepresidente saliente de la Asociaci\u00f3n Panamericana de Trauma Ocular (APTO)<\/span>.<\/li>\n<li class=\"qualification-item\"><span class=\"position\">Presidente electo de la Asociaci\u00f3n Panamericana de Trauma Ocular (APTO)<\/span>.<\/li>\n<li class=\"qualification-item\"><span class=\"position\">Director M\u00e9dico del Instituto Oftalmol\u00f3gico Wong, Lima, Per\u00fa<\/span>.<\/li>\n<li class=\"qualification-item\"><span class=\"membership\">Miembro activo de Sociedad Peruana de Oftalmolog\u00eda<\/span>.<\/li>\n<li class=\"qualification-item\"><span class=\"membership\">Miembro de American Society of Cataract and Refractive Surgery<\/span>.<\/li>\n<li class=\"qualification-item\"><span class=\"membership\">Miembro de la Asociaci\u00f3n Panamericana de Oftalmolog\u00eda<\/span>.<\/li>\n<li class=\"qualification-item\"><span class=\"membership\">Miembro de la Asociaci\u00f3n Panamericana de Trauma Ocular<\/span>.<\/li>\n<\/ul>","protected":false},"excerpt":{"rendered":"<p>M\u00e9dico Oftalm\u00f3logo Especialista en Retina, M\u00e1cula y Vitreo Egresado de Medicina de la Universidad Peruana Cayetano Heredia. Egresado de Oftalmolog\u00eda Fundaci\u00f3n Oftalmol\u00f3gica de Santander (FOSCAL), Colombia. Egresado de Retina y V\u00edtreo de la Fundaci\u00f3n Oftalmol\u00f3gica Nacional (FUNDONAL), Colombia. Vicepresidente saliente de la Asociaci\u00f3n Panamericana de Trauma Ocular (APTO). Presidente electo de la Asociaci\u00f3n Panamericana de&#8230;<\/p>\n<div class=\"more-link-wrapper\"><a class=\"more-link\" href=\"https:\/\/www.paao2026.com\/en\/coordinadores\/dr-carlos-wong\/\"><span class=\"more-text\">Continue reading<\/span><\/a><\/div>","protected":false},"featured_media":864,"template":"","meta":[],"categoria_coordinador":[29],"class_list":["post-1098","coordinadores","type-coordinadores","status-publish","has-post-thumbnail","hentry","categoria_coordinador-trauma","post"],"_links":{"self":[{"href":"https:\/\/www.paao2026.com\/en\/wp-json\/wp\/v2\/coordinadores\/1098","targetHints":{"allow":["GET"]}}],"collection":[{"href":"https:\/\/www.paao2026.com\/en\/wp-json\/wp\/v2\/coordinadores"}],"about":[{"href":"https:\/\/www.paao2026.com\/en\/wp-json\/wp\/v2\/types\/coordinadores"}],"wp:featuredmedia":[{"embeddable":true,"href":"https:\/\/www.paao2026.com\/en\/wp-json\/wp\/v2\/media\/864"}],"wp:attachment":[{"href":"https:\/\/www.paao2026.com\/en\/wp-json\/wp\/v2\/media?parent=1098"}],"wp:term":[{"taxonomy":"categoria_coordinador","embeddable":true,"href":"https:\/\/www.paao2026.com\/en\/wp-json\/wp\/v2\/categoria_coordinador?post=1098"}],"curies":[{"name":"wp","href":"https:\/\/api.w.org\/{rel}","templated":true}]}}

<ul class="qualifications-list">
<li class="qualification-item"><span class="specialty">Médico Oftalmólogo</span></li>
<li class="qualification-item"><span class="specialty">Especialista en Retina, Mácula y Vitreo</span></li>
<li class="qualification-item"><span class="degree">Egresado de Medicina de la Universidad Peruana Cayetano Heredia</span>.</li>
<li class="qualification-item"><span class="degree">Egresado de Oftalmología Fundación Oftalmológica de Santander (FOSCAL), Colombia</span>.</li>
<li class="qualification-item"><span class="degree">Egresado de Retina y Vítreo de la Fundación Oftalmológica Nacional (FUNDONAL), Colombia</span>.</li>
<li class="qualification-item"><span class="previous-position">Vicepresidente saliente de la Asociación Panamericana de Trauma Ocular (APTO)</span>.</li>
<li class="qualification-item"><span class="position">Presidente electo de la Asociación Panamericana de Trauma Ocular (APTO)</span>.</li>
<li class="qualification-item"><span class="position">Director Médico del Instituto Oftalmológico Wong, Lima, Perú</span>.</li>
<li class="qualification-item"><span class="membership">Miembro activo de Sociedad Peruana de Oftalmología</span>.</li>
<li class="qualification-item"><span class="membership">Miembro de American Society of Cataract and Refractive Surgery</span>.</li>
<li class="qualification-item"><span class="membership">Miembro de la Asociación Panamericana de Oftalmología</span>.</li>
<li class="qualification-item"><span class="membership">Miembro de la Asociación Panamericana de Trauma Ocular</span>.</li>
</ul>

<p>Médico Oftalmólogo Especialista en Retina, Mácula y Vitreo Egresado de Medicina de la Universidad Peruana Cayetano Heredia. Egresado de Oftalmología Fundación Oftalmológica de Santander (FOSCAL), Colombia. Egresado de Retina y Vítreo de la Fundación Oftalmológica Nacional (FUNDONAL), Colombia. Vicepresidente saliente de la Asociación Panamericana de Trauma Ocular (APTO). Presidente electo de la Asociación Panamericana de&#8230;</p>
<div class="more-link-wrapper"><a class="more-link" href="https://www.paao2026.com/en/coordinadores/dr-carlos-wong/"><span class="more-text">Continue reading</span></a></div>
