{"id":1110,"date":"2025-12-10T15:24:20","date_gmt":"2025-12-10T18:24:20","guid":{"rendered":"https:\/\/www.paao2026.com\/?post_type=coordinadores&#038;p=1110"},"modified":"2025-12-11T11:44:08","modified_gmt":"2025-12-11T14:44:08","slug":"dr-mauricio-cabezas","status":"publish","type":"coordinadores","link":"https:\/\/www.paao2026.com\/en\/coordinadores\/dr-mauricio-cabezas\/","title":{"rendered":"Dr. Mauricio Cabezas"},"content":{"rendered":"<ul class=\"qualifications-list\">\n<li class=\"qualification-item\"><span class=\"degree\">M\u00e9dico Cirujano de la Pontificia Universidad Cat\u00f3lica de Chile<\/span><\/li>\n<li class=\"qualification-item\"><span class=\"specialty\">Oftalm\u00f3logo de la Universidad de Chile, Hospital del Salvador<\/span><\/li>\n<li class=\"qualification-item\"><span class=\"subspecialty\">Subespecialista en C\u00f3rnea, Catarata y Cirug\u00eda Refractiva del Casey Eye Institute, Oregon Health &amp; Science University (OHSU), EEUU<\/span><\/li>\n<li class=\"qualification-item\"><span class=\"previous-position\">Ex-Vicepresidente de la SOCHIOF 2021-2022<\/span><\/li>\n<li class=\"qualification-item\"><span class=\"previous-position\">Ex-Miembro Comit\u00e9 de \u00c9tica de la Cl\u00ednica Las Condes 2020-2024<\/span><\/li>\n<li class=\"qualification-item\"><span class=\"current-position\">Actual Coordinador Nacional de la Sociedad Chilena de C\u00f3rnea, Catarata y Cirug\u00eda Refractiva (SOCHICCAR)<\/span><\/li>\n<\/ul>","protected":false},"excerpt":{"rendered":"<p>M\u00e9dico Cirujano de la Pontificia Universidad Cat\u00f3lica de Chile Oftalm\u00f3logo de la Universidad de Chile, Hospital del Salvador Subespecialista en C\u00f3rnea, Catarata y Cirug\u00eda Refractiva del Casey Eye Institute, Oregon Health &amp; Science University (OHSU), EEUU Ex-Vicepresidente de la SOCHIOF 2021-2022 Ex-Miembro Comit\u00e9 de \u00c9tica de la Cl\u00ednica Las Condes 2020-2024 Actual Coordinador Nacional de&#8230;<\/p>\n<div class=\"more-link-wrapper\"><a class=\"more-link\" href=\"https:\/\/www.paao2026.com\/en\/coordinadores\/dr-mauricio-cabezas\/\"><span class=\"more-text\">Continue reading<\/span><\/a><\/div>","protected":false},"featured_media":875,"template":"","meta":[],"categoria_coordinador":[34],"class_list":["post-1110","coordinadores","type-coordinadores","status-publish","has-post-thumbnail","hentry","categoria_coordinador-refractiva","post"],"_links":{"self":[{"href":"https:\/\/www.paao2026.com\/en\/wp-json\/wp\/v2\/coordinadores\/1110","targetHints":{"allow":["GET"]}}],"collection":[{"href":"https:\/\/www.paao2026.com\/en\/wp-json\/wp\/v2\/coordinadores"}],"about":[{"href":"https:\/\/www.paao2026.com\/en\/wp-json\/wp\/v2\/types\/coordinadores"}],"wp:featuredmedia":[{"embeddable":true,"href":"https:\/\/www.paao2026.com\/en\/wp-json\/wp\/v2\/media\/875"}],"wp:attachment":[{"href":"https:\/\/www.paao2026.com\/en\/wp-json\/wp\/v2\/media?parent=1110"}],"wp:term":[{"taxonomy":"categoria_coordinador","embeddable":true,"href":"https:\/\/www.paao2026.com\/en\/wp-json\/wp\/v2\/categoria_coordinador?post=1110"}],"curies":[{"name":"wp","href":"https:\/\/api.w.org\/{rel}","templated":true}]}}

<ul class="qualifications-list">
<li class="qualification-item"><span class="degree">Médico Cirujano de la Pontificia Universidad Católica de Chile</span></li>
<li class="qualification-item"><span class="specialty">Oftalmólogo de la Universidad de Chile, Hospital del Salvador</span></li>
<li class="qualification-item"><span class="subspecialty">Subespecialista en Córnea, Catarata y Cirugía Refractiva del Casey Eye Institute, Oregon Health &amp; Science University (OHSU), EEUU</span></li>
<li class="qualification-item"><span class="previous-position">Ex-Vicepresidente de la SOCHIOF 2021-2022</span></li>
<li class="qualification-item"><span class="previous-position">Ex-Miembro Comité de Ética de la Clínica Las Condes 2020-2024</span></li>
<li class="qualification-item"><span class="current-position">Actual Coordinador Nacional de la Sociedad Chilena de Córnea, Catarata y Cirugía Refractiva (SOCHICCAR)</span></li>
</ul>

<p>Médico Cirujano de la Pontificia Universidad Católica de Chile Oftalmólogo de la Universidad de Chile, Hospital del Salvador Subespecialista en Córnea, Catarata y Cirugía Refractiva del Casey Eye Institute, Oregon Health &amp; Science University (OHSU), EEUU Ex-Vicepresidente de la SOCHIOF 2021-2022 Ex-Miembro Comité de Ética de la Clínica Las Condes 2020-2024 Actual Coordinador Nacional de&#8230;</p>
<div class="more-link-wrapper"><a class="more-link" href="https://www.paao2026.com/en/coordinadores/dr-mauricio-cabezas/"><span class="more-text">Continue reading</span></a></div>
