{"id":1115,"date":"2025-12-10T15:28:44","date_gmt":"2025-12-10T18:28:44","guid":{"rendered":"https:\/\/www.paao2026.com\/?post_type=coordinadores&#038;p=1115"},"modified":"2025-12-11T11:42:18","modified_gmt":"2025-12-11T14:42:18","slug":"dr-pablo-zoroquiain","status":"publish","type":"coordinadores","link":"https:\/\/www.paao2026.com\/en\/coordinadores\/dr-pablo-zoroquiain\/","title":{"rendered":"Dr. Pablo Zoroquiain"},"content":{"rendered":"<ul class=\"qualifications-list\">\n<li class=\"qualification-item\"><span class=\"education\">Realiz\u00f3 sus estudios de pregrado en la Universidad de los Andes (2000-2006)<\/span> y posteriormente<br \/>\n<span class=\"specialty\">realiz\u00f3 su especialidad en Anatom\u00eda Patol\u00f3gica (2007-2010)<\/span>.<\/li>\n<li class=\"qualification-item\"><span class=\"fellowship\">Fellow cl\u00ednico y de investigaci\u00f3n en Patolog\u00eda Ocular (2013-2017) en la Universidad de McGill<\/span> bajo supervisi\u00f3n del Dr. Miguel Burnier.<\/li>\n<li class=\"qualification-item\"><span class=\"phd\">Doctorado en Oftalmolog\u00eda y Ciencias Visuales en la Universidad de McGill y la Universidad Federal de Sao Paulo (UNIFESP)<\/span> bajo tutela del Dr. Rubens Belfort y el Dr. Miguel Burnier.<\/li>\n<li class=\"qualification-item\"><span class=\"research\">L\u00ednea de investigaci\u00f3n en biomarcadores de melanoma uveal; herramientas objetivas de severidad y seguimiento en ojo seco, as\u00ed como tambi\u00e9n en an\u00e1lisis de im\u00e1genes y patolog\u00eda digital<\/span>.<\/li>\n<li class=\"qualification-item\"><span class=\"position\">Actualmente es Profesor Asociado de la Universidad Cat\u00f3lica<\/span> donde trabaja como<br \/>\n<span class=\"specialty\">pat\u00f3logo ocular, pat\u00f3logo molecular y citopat\u00f3logo<\/span>.<\/li>\n<\/ul>","protected":false},"excerpt":{"rendered":"<p>Realiz\u00f3 sus estudios de pregrado en la Universidad de los Andes (2000-2006) y posteriormente realiz\u00f3 su especialidad en Anatom\u00eda Patol\u00f3gica (2007-2010). Fellow cl\u00ednico y de investigaci\u00f3n en Patolog\u00eda Ocular (2013-2017) en la Universidad de McGill bajo supervisi\u00f3n del Dr. Miguel Burnier. Doctorado en Oftalmolog\u00eda y Ciencias Visuales en la Universidad de McGill y la Universidad&#8230;<\/p>\n<div class=\"more-link-wrapper\"><a class=\"more-link\" href=\"https:\/\/www.paao2026.com\/en\/coordinadores\/dr-pablo-zoroquiain\/\"><span class=\"more-text\">Continue reading<\/span><\/a><\/div>","protected":false},"featured_media":880,"template":"","meta":[],"categoria_coordinador":[36],"class_list":["post-1115","coordinadores","type-coordinadores","status-publish","has-post-thumbnail","hentry","categoria_coordinador-patologia","post"],"_links":{"self":[{"href":"https:\/\/www.paao2026.com\/en\/wp-json\/wp\/v2\/coordinadores\/1115","targetHints":{"allow":["GET"]}}],"collection":[{"href":"https:\/\/www.paao2026.com\/en\/wp-json\/wp\/v2\/coordinadores"}],"about":[{"href":"https:\/\/www.paao2026.com\/en\/wp-json\/wp\/v2\/types\/coordinadores"}],"wp:featuredmedia":[{"embeddable":true,"href":"https:\/\/www.paao2026.com\/en\/wp-json\/wp\/v2\/media\/880"}],"wp:attachment":[{"href":"https:\/\/www.paao2026.com\/en\/wp-json\/wp\/v2\/media?parent=1115"}],"wp:term":[{"taxonomy":"categoria_coordinador","embeddable":true,"href":"https:\/\/www.paao2026.com\/en\/wp-json\/wp\/v2\/categoria_coordinador?post=1115"}],"curies":[{"name":"wp","href":"https:\/\/api.w.org\/{rel}","templated":true}]}}

<ul class="qualifications-list">
<li class="qualification-item"><span class="education">Realizó sus estudios de pregrado en la Universidad de los Andes (2000-2006)</span> y posteriormente<br />
<span class="specialty">realizó su especialidad en Anatomía Patológica (2007-2010)</span>.</li>
<li class="qualification-item"><span class="fellowship">Fellow clínico y de investigación en Patología Ocular (2013-2017) en la Universidad de McGill</span> bajo supervisión del Dr. Miguel Burnier.</li>
<li class="qualification-item"><span class="phd">Doctorado en Oftalmología y Ciencias Visuales en la Universidad de McGill y la Universidad Federal de Sao Paulo (UNIFESP)</span> bajo tutela del Dr. Rubens Belfort y el Dr. Miguel Burnier.</li>
<li class="qualification-item"><span class="research">Línea de investigación en biomarcadores de melanoma uveal; herramientas objetivas de severidad y seguimiento en ojo seco, así como también en análisis de imágenes y patología digital</span>.</li>
<li class="qualification-item"><span class="position">Actualmente es Profesor Asociado de la Universidad Católica</span> donde trabaja como<br />
<span class="specialty">patólogo ocular, patólogo molecular y citopatólogo</span>.</li>
</ul>

<p>Realizó sus estudios de pregrado en la Universidad de los Andes (2000-2006) y posteriormente realizó su especialidad en Anatomía Patológica (2007-2010). Fellow clínico y de investigación en Patología Ocular (2013-2017) en la Universidad de McGill bajo supervisión del Dr. Miguel Burnier. Doctorado en Oftalmología y Ciencias Visuales en la Universidad de McGill y la Universidad&#8230;</p>
<div class="more-link-wrapper"><a class="more-link" href="https://www.paao2026.com/en/coordinadores/dr-pablo-zoroquiain/"><span class="more-text">Continue reading</span></a></div>
