{"id":1125,"date":"2025-12-10T15:39:32","date_gmt":"2025-12-10T18:39:32","guid":{"rendered":"https:\/\/www.paao2026.com\/?post_type=coordinadores&#038;p=1125"},"modified":"2025-12-11T11:37:36","modified_gmt":"2025-12-11T14:37:36","slug":"dra-carol-karp","status":"publish","type":"coordinadores","link":"https:\/\/www.paao2026.com\/en\/coordinadores\/dra-carol-karp\/","title":{"rendered":"Dra. Carol Karp"},"content":{"rendered":"<ul class=\"qualifications-list\">\n<li class=\"qualification-item\"><span class=\"position\">Profesora titular de Oftalmolog\u00eda en el Bascom Palmer Eye Institute de la Universidad de Miami<\/span>, donde ocupa las<br \/>\n<span class=\"chair\">c\u00e1tedras Richard K. Forster y Dr. Ronald &amp; Alicia Lepke<\/span>, adem\u00e1s de<br \/>\n<span class=\"position\">codirigir el servicio de c\u00f3rnea<\/span>.<\/li>\n<li class=\"qualification-item\"><span class=\"specialty\">Especialista en tumores de la superficie ocular y cirug\u00eda del segmento anterior<\/span>, es<br \/>\n<span class=\"education\">egresada de la Universidad Brown<\/span> y realiz\u00f3 su<br \/>\n<span class=\"residency\">residencia en la Universidad de Michigan<\/span>. Se incorpor\u00f3 a Bascom Palmer en 1994 tras completar un<br \/>\n<span class=\"fellowship\">fellowship en c\u00f3rnea y enfermedades externas<\/span>.<\/li>\n<li class=\"qualification-item\"><span class=\"innovation\">A finales de los a\u00f1os 90, fue pionera en el uso de interfer\u00f3n para tratar la neoplasia escamosa de la superficie ocular<\/span>.<\/li>\n<\/ul>","protected":false},"excerpt":{"rendered":"<p>Profesora titular de Oftalmolog\u00eda en el Bascom Palmer Eye Institute de la Universidad de Miami, donde ocupa las c\u00e1tedras Richard K. Forster y Dr. Ronald &amp; Alicia Lepke, adem\u00e1s de codirigir el servicio de c\u00f3rnea. Especialista en tumores de la superficie ocular y cirug\u00eda del segmento anterior, es egresada de la Universidad Brown y realiz\u00f3&#8230;<\/p>\n<div class=\"more-link-wrapper\"><a class=\"more-link\" href=\"https:\/\/www.paao2026.com\/en\/coordinadores\/dra-carol-karp\/\"><span class=\"more-text\">Continue reading<\/span><\/a><\/div>","protected":false},"featured_media":848,"template":"","meta":[],"categoria_coordinador":[39],"class_list":["post-1125","coordinadores","type-coordinadores","status-publish","has-post-thumbnail","hentry","categoria_coordinador-presidentes-latam","post"],"_links":{"self":[{"href":"https:\/\/www.paao2026.com\/en\/wp-json\/wp\/v2\/coordinadores\/1125","targetHints":{"allow":["GET"]}}],"collection":[{"href":"https:\/\/www.paao2026.com\/en\/wp-json\/wp\/v2\/coordinadores"}],"about":[{"href":"https:\/\/www.paao2026.com\/en\/wp-json\/wp\/v2\/types\/coordinadores"}],"wp:featuredmedia":[{"embeddable":true,"href":"https:\/\/www.paao2026.com\/en\/wp-json\/wp\/v2\/media\/848"}],"wp:attachment":[{"href":"https:\/\/www.paao2026.com\/en\/wp-json\/wp\/v2\/media?parent=1125"}],"wp:term":[{"taxonomy":"categoria_coordinador","embeddable":true,"href":"https:\/\/www.paao2026.com\/en\/wp-json\/wp\/v2\/categoria_coordinador?post=1125"}],"curies":[{"name":"wp","href":"https:\/\/api.w.org\/{rel}","templated":true}]}}

<ul class="qualifications-list">
<li class="qualification-item"><span class="position">Profesora titular de Oftalmología en el Bascom Palmer Eye Institute de la Universidad de Miami</span>, donde ocupa las<br />
<span class="chair">cátedras Richard K. Forster y Dr. Ronald &amp; Alicia Lepke</span>, además de<br />
<span class="position">codirigir el servicio de córnea</span>.</li>
<li class="qualification-item"><span class="specialty">Especialista en tumores de la superficie ocular y cirugía del segmento anterior</span>, es<br />
<span class="education">egresada de la Universidad Brown</span> y realizó su<br />
<span class="residency">residencia en la Universidad de Michigan</span>. Se incorporó a Bascom Palmer en 1994 tras completar un<br />
<span class="fellowship">fellowship en córnea y enfermedades externas</span>.</li>
<li class="qualification-item"><span class="innovation">A finales de los años 90, fue pionera en el uso de interferón para tratar la neoplasia escamosa de la superficie ocular</span>.</li>
</ul>

<p>Profesora titular de Oftalmología en el Bascom Palmer Eye Institute de la Universidad de Miami, donde ocupa las cátedras Richard K. Forster y Dr. Ronald &amp; Alicia Lepke, además de codirigir el servicio de córnea. Especialista en tumores de la superficie ocular y cirugía del segmento anterior, es egresada de la Universidad Brown y realizó&#8230;</p>
<div class="more-link-wrapper"><a class="more-link" href="https://www.paao2026.com/en/coordinadores/dra-carol-karp/"><span class="more-text">Continue reading</span></a></div>
