{"id":1134,"date":"2025-12-10T15:49:32","date_gmt":"2025-12-10T18:49:32","guid":{"rendered":"https:\/\/www.paao2026.com\/?post_type=coordinadores&#038;p=1134"},"modified":"2025-12-11T11:34:13","modified_gmt":"2025-12-11T14:34:13","slug":"dra-claudia-zuluaga","status":"publish","type":"coordinadores","link":"https:\/\/www.paao2026.com\/en\/coordinadores\/dra-claudia-zuluaga\/","title":{"rendered":"Dra. Claudia Zuluaga"},"content":{"rendered":"<ul class=\"qualifications-list\">\n<li class=\"qualification-item\"><span class=\"specialty\">Oftalm\u00f3loga pedi\u00e1trica y neonatal de la Cl\u00ednica Imbanaco de Cali &#8211; Grupo Quir\u00f3nsalud<\/span><\/li>\n<li class=\"qualification-item\"><span class=\"position\">Profesora de Oftalmolog\u00eda pedi\u00e1trica y neonatal en la Universidad del Valle y PU Javeriana Cali Colombia<\/span><\/li>\n<li class=\"qualification-item\"><span class=\"subspecialty\">Especialista en Ultrasonido Ocular de la Asociaci\u00f3n Para Evitar la Ceguera en M\u00e9xico<\/span><\/li>\n<li class=\"qualification-item\"><span class=\"leadership\">Parte del Equipo desarrollador de gu\u00edas para prevenci\u00f3n de ceguera por Retinopat\u00eda del Prematuro de OPS-OMS<\/span><\/li>\n<li class=\"qualification-item\"><span class=\"leadership\">L\u00edder en Coordinaci\u00f3n de Programas para Prevenci\u00f3n de Ceguera por Retinopat\u00eda del Prematuro en Latinoam\u00e9rica<\/span><\/li>\n<li class=\"qualification-item\"><span class=\"presidency\">Presidenta Sociedad Panamericana de Retinopat\u00eda del Prematuro 2025-2027<\/span><\/li>\n<\/ul>","protected":false},"excerpt":{"rendered":"<p>Oftalm\u00f3loga pedi\u00e1trica y neonatal de la Cl\u00ednica Imbanaco de Cali &#8211; Grupo Quir\u00f3nsalud Profesora de Oftalmolog\u00eda pedi\u00e1trica y neonatal en la Universidad del Valle y PU Javeriana Cali Colombia Especialista en Ultrasonido Ocular de la Asociaci\u00f3n Para Evitar la Ceguera en M\u00e9xico Parte del Equipo desarrollador de gu\u00edas para prevenci\u00f3n de ceguera por Retinopat\u00eda del&#8230;<\/p>\n<div class=\"more-link-wrapper\"><a class=\"more-link\" href=\"https:\/\/www.paao2026.com\/en\/coordinadores\/dra-claudia-zuluaga\/\"><span class=\"more-text\">Continue reading<\/span><\/a><\/div>","protected":false},"featured_media":896,"template":"","meta":[],"categoria_coordinador":[42],"class_list":["post-1134","coordinadores","type-coordinadores","status-publish","has-post-thumbnail","hentry","categoria_coordinador-rop","post"],"_links":{"self":[{"href":"https:\/\/www.paao2026.com\/en\/wp-json\/wp\/v2\/coordinadores\/1134","targetHints":{"allow":["GET"]}}],"collection":[{"href":"https:\/\/www.paao2026.com\/en\/wp-json\/wp\/v2\/coordinadores"}],"about":[{"href":"https:\/\/www.paao2026.com\/en\/wp-json\/wp\/v2\/types\/coordinadores"}],"wp:featuredmedia":[{"embeddable":true,"href":"https:\/\/www.paao2026.com\/en\/wp-json\/wp\/v2\/media\/896"}],"wp:attachment":[{"href":"https:\/\/www.paao2026.com\/en\/wp-json\/wp\/v2\/media?parent=1134"}],"wp:term":[{"taxonomy":"categoria_coordinador","embeddable":true,"href":"https:\/\/www.paao2026.com\/en\/wp-json\/wp\/v2\/categoria_coordinador?post=1134"}],"curies":[{"name":"wp","href":"https:\/\/api.w.org\/{rel}","templated":true}]}}

<ul class="qualifications-list">
<li class="qualification-item"><span class="specialty">Oftalmóloga pediátrica y neonatal de la Clínica Imbanaco de Cali &#8211; Grupo Quirónsalud</span></li>
<li class="qualification-item"><span class="position">Profesora de Oftalmología pediátrica y neonatal en la Universidad del Valle y PU Javeriana Cali Colombia</span></li>
<li class="qualification-item"><span class="subspecialty">Especialista en Ultrasonido Ocular de la Asociación Para Evitar la Ceguera en México</span></li>
<li class="qualification-item"><span class="leadership">Parte del Equipo desarrollador de guías para prevención de ceguera por Retinopatía del Prematuro de OPS-OMS</span></li>
<li class="qualification-item"><span class="leadership">Líder en Coordinación de Programas para Prevención de Ceguera por Retinopatía del Prematuro en Latinoamérica</span></li>
<li class="qualification-item"><span class="presidency">Presidenta Sociedad Panamericana de Retinopatía del Prematuro 2025-2027</span></li>
</ul>

<p>Oftalmóloga pediátrica y neonatal de la Clínica Imbanaco de Cali &#8211; Grupo Quirónsalud Profesora de Oftalmología pediátrica y neonatal en la Universidad del Valle y PU Javeriana Cali Colombia Especialista en Ultrasonido Ocular de la Asociación Para Evitar la Ceguera en México Parte del Equipo desarrollador de guías para prevención de ceguera por Retinopatía del&#8230;</p>
<div class="more-link-wrapper"><a class="more-link" href="https://www.paao2026.com/en/coordinadores/dra-claudia-zuluaga/"><span class="more-text">Continue reading</span></a></div>
